{"id":5039,"date":"2024-03-15T08:44:12","date_gmt":"2024-03-15T07:44:12","guid":{"rendered":"https:\/\/nordsc.pl\/?page_id=5039"},"modified":"2024-03-15T09:01:12","modified_gmt":"2024-03-15T08:01:12","slug":"sprzedaz-lodu-swarzedz","status":"publish","type":"page","link":"https:\/\/nordsc.pl\/index.php\/sprzedaz-lodu-swarzedz\/","title":{"rendered":"Swarz\u0119dz"},"content":{"rendered":"\t\t<div data-elementor-type=\"wp-page\" data-elementor-id=\"5039\" class=\"elementor elementor-5039\">\n\t\t\t\t\t\t<section class=\"elementor-section elementor-top-section elementor-element elementor-element-220c985 elementor-section-height-min-height elementor-section-boxed elementor-section-height-default elementor-section-items-middle\" data-id=\"220c985\" data-element_type=\"section\" data-settings=\"{&quot;background_background&quot;:&quot;video&quot;,&quot;shape_divider_bottom&quot;:&quot;mountains&quot;,&quot;background_video_start&quot;:46,&quot;background_video_end&quot;:96}\">\n\t\t\t\t\t\t\t<div class=\"elementor-background-overlay\"><\/div>\n\t\t\t\t\t\t<div class=\"elementor-shape elementor-shape-bottom\" data-negative=\"false\">\n\t\t\t<svg xmlns=\"http:\/\/www.w3.org\/2000\/svg\" viewBox=\"0 0 1000 100\" preserveAspectRatio=\"none\">\n\t<path class=\"elementor-shape-fill\" opacity=\"0.33\" d=\"M473,67.3c-203.9,88.3-263.1-34-320.3,0C66,119.1,0,59.7,0,59.7V0h1000v59.7 c0,0-62.1,26.1-94.9,29.3c-32.8,3.3-62.8-12.3-75.8-22.1C806,49.6,745.3,8.7,694.9,4.7S492.4,59,473,67.3z\"\/>\n\t<path class=\"elementor-shape-fill\" opacity=\"0.66\" d=\"M734,67.3c-45.5,0-77.2-23.2-129.1-39.1c-28.6-8.7-150.3-10.1-254,39.1 s-91.7-34.4-149.2,0C115.7,118.3,0,39.8,0,39.8V0h1000v36.5c0,0-28.2-18.5-92.1-18.5C810.2,18.1,775.7,67.3,734,67.3z\"\/>\n\t<path class=\"elementor-shape-fill\" d=\"M766.1,28.9c-200-57.5-266,65.5-395.1,19.5C242,1.8,242,5.4,184.8,20.6C128,35.8,132.3,44.9,89.9,52.5C28.6,63.7,0,0,0,0 h1000c0,0-9.9,40.9-83.6,48.1S829.6,47,766.1,28.9z\"\/>\n<\/svg>\t\t<\/div>\n\t\t\t\t\t<div class=\"elementor-container elementor-column-gap-no\">\n\t\t\t\t\t<div class=\"elementor-column elementor-col-100 elementor-top-column elementor-element elementor-element-2717a50\" data-id=\"2717a50\" data-element_type=\"column\">\n\t\t\t<div class=\"elementor-widget-wrap elementor-element-populated\">\n\t\t\t\t\t\t<div class=\"elementor-element elementor-element-b0b41b9 elementor-widget elementor-widget-heading\" data-id=\"b0b41b9\" data-element_type=\"widget\" data-widget_type=\"heading.default\">\n\t\t\t\t<div class=\"elementor-widget-container\">\n\t\t\t<h2 class=\"elementor-heading-title elementor-size-default\">SWARZ\u0118DZ<\/h2>\t\t<\/div>\n\t\t\t\t<\/div>\n\t\t\t\t<div class=\"elementor-element elementor-element-ab82977 elementor-widget elementor-widget-heading\" data-id=\"ab82977\" data-element_type=\"widget\" data-widget_type=\"heading.default\">\n\t\t\t\t<div class=\"elementor-widget-container\">\n\t\t\t<h3 class=\"elementor-heading-title elementor-size-default\">NORD S. C.<\/h3>\t\t<\/div>\n\t\t\t\t<\/div>\n\t\t\t\t<div class=\"elementor-element elementor-element-3f25c44 elementor-widget elementor-widget-spacer\" data-id=\"3f25c44\" data-element_type=\"widget\" data-widget_type=\"spacer.default\">\n\t\t\t\t<div class=\"elementor-widget-container\">\n\t\t\t\t\t<div class=\"elementor-spacer\">\n\t\t\t<div class=\"elementor-spacer-inner\"><\/div>\n\t\t<\/div>\n\t\t\t\t<\/div>\n\t\t\t\t<\/div>\n\t\t\t\t<div class=\"elementor-element elementor-element-8519ae2 elementor-widget elementor-widget-heading\" data-id=\"8519ae2\" data-element_type=\"widget\" data-widget_type=\"heading.default\">\n\t\t\t\t<div class=\"elementor-widget-container\">\n\t\t\t<h1 class=\"elementor-heading-title elementor-size-default\">Sprzeda\u017c lodu \u2013 oferta dla Swarz\u0119dza<\/h1>\t\t<\/div>\n\t\t\t\t<\/div>\n\t\t\t\t<div class=\"elementor-element elementor-element-58dc25c elementor-widget elementor-widget-text-editor\" data-id=\"58dc25c\" data-element_type=\"widget\" data-widget_type=\"text-editor.default\">\n\t\t\t\t<div class=\"elementor-widget-container\">\n\t\t\t\t\t\t\t<p style=\"text-align: center;\" align=\"center\">Chcesz zaopatrzy\u0107 swoj\u0105 gastronomi\u0119 w <b>l\u00f3d w kostkach<\/b> z krystalicznie czystej wody? Zach\u0119camy do skorzystania z naszej oferty. Od lat zajmujemy si\u0119 produkcj\u0105 dla restauracji, pub\u00f3w i dyskotek oraz na r\u00f3\u017cnego typu eventy \u2013 wsz\u0119dzie tam, gdzie potrzeba ch\u0142odz\u0105cej wody zamkni\u0119tej w postaci niepozornej <b>kostki lodu<\/b>. Przezroczysty, bez smaku i zapachu \u2013 niby tak niewiele, a potrafi zmieni\u0107 niejeden nap\u00f3j i doda\u0107 mu charakteru. Przekonaj si\u0119 sam! Zach\u0119camy do wsp\u00f3\u0142pracy wszystkich przedsi\u0119biorc\u00f3w ze <b>Swarz\u0119dza<\/b> i okolic.<\/p>\t\t\t\t\t\t<\/div>\n\t\t\t\t<\/div>\n\t\t\t\t\t<\/div>\n\t\t<\/div>\n\t\t\t\t\t<\/div>\n\t\t<\/section>\n\t\t\t\t<section class=\"elementor-section elementor-top-section elementor-element elementor-element-2772f4a elementor-section-content-middle elementor-section-boxed elementor-section-height-default elementor-section-height-default\" data-id=\"2772f4a\" data-element_type=\"section\" data-settings=\"{&quot;background_background&quot;:&quot;classic&quot;,&quot;shape_divider_top&quot;:&quot;mountains&quot;}\">\n\t\t\t\t\t<div class=\"elementor-shape elementor-shape-top\" data-negative=\"false\">\n\t\t\t<svg xmlns=\"http:\/\/www.w3.org\/2000\/svg\" viewBox=\"0 0 1000 100\" preserveAspectRatio=\"none\">\n\t<path class=\"elementor-shape-fill\" opacity=\"0.33\" d=\"M473,67.3c-203.9,88.3-263.1-34-320.3,0C66,119.1,0,59.7,0,59.7V0h1000v59.7 c0,0-62.1,26.1-94.9,29.3c-32.8,3.3-62.8-12.3-75.8-22.1C806,49.6,745.3,8.7,694.9,4.7S492.4,59,473,67.3z\"\/>\n\t<path class=\"elementor-shape-fill\" opacity=\"0.66\" d=\"M734,67.3c-45.5,0-77.2-23.2-129.1-39.1c-28.6-8.7-150.3-10.1-254,39.1 s-91.7-34.4-149.2,0C115.7,118.3,0,39.8,0,39.8V0h1000v36.5c0,0-28.2-18.5-92.1-18.5C810.2,18.1,775.7,67.3,734,67.3z\"\/>\n\t<path class=\"elementor-shape-fill\" d=\"M766.1,28.9c-200-57.5-266,65.5-395.1,19.5C242,1.8,242,5.4,184.8,20.6C128,35.8,132.3,44.9,89.9,52.5C28.6,63.7,0,0,0,0 h1000c0,0-9.9,40.9-83.6,48.1S829.6,47,766.1,28.9z\"\/>\n<\/svg>\t\t<\/div>\n\t\t\t\t\t<div class=\"elementor-container elementor-column-gap-no\">\n\t\t\t\t\t<div class=\"elementor-column elementor-col-50 elementor-top-column elementor-element elementor-element-3c87b82\" data-id=\"3c87b82\" data-element_type=\"column\">\n\t\t\t<div class=\"elementor-widget-wrap elementor-element-populated\">\n\t\t\t\t\t\t<div class=\"elementor-element elementor-element-30aef65 elementor-widget__width-initial elementor-widget elementor-widget-heading\" data-id=\"30aef65\" data-element_type=\"widget\" data-widget_type=\"heading.default\">\n\t\t\t\t<div class=\"elementor-widget-container\">\n\t\t\t<h2 class=\"elementor-heading-title elementor-size-xl\">NORD \u2013 dostawca lodu dla przedsi\u0119biorc\u00f3w w Swarz\u0119dzu\n<\/h2>\t\t<\/div>\n\t\t\t\t<\/div>\n\t\t\t\t<div class=\"elementor-element elementor-element-dfe57ba elementor-widget elementor-widget-spacer\" data-id=\"dfe57ba\" data-element_type=\"widget\" data-widget_type=\"spacer.default\">\n\t\t\t\t<div class=\"elementor-widget-container\">\n\t\t\t\t\t<div class=\"elementor-spacer\">\n\t\t\t<div class=\"elementor-spacer-inner\"><\/div>\n\t\t<\/div>\n\t\t\t\t<\/div>\n\t\t\t\t<\/div>\n\t\t\t\t<div class=\"elementor-element elementor-element-75b3093 elementor-widget elementor-widget-text-editor\" data-id=\"75b3093\" data-element_type=\"widget\" data-widget_type=\"text-editor.default\">\n\t\t\t\t<div class=\"elementor-widget-container\">\n\t\t\t\t\t\t\t<p style=\"text-align: center;\"><b>L\u00f3d w kostkach<\/b> to produkt spo\u017cywczy, dlatego przyk\u0142adamy wag\u0119 do naszego towaru na ka\u017cdym etapie \u2013 od produkcji do dystrybucji. Stosujemy zaawansowane technologie w trosce o asortyment najwy\u017cszej jako\u015bci. Ca\u0142ego procesu dogl\u0105da wykwalifikowana kadra pracownicza, do kt\u00f3rej mamy niezmierne zaufanie. Wybierz <b>dostawc\u0119 lodu<\/b> z wieloletnim do\u015bwiadczeniem. Dowozimy produkty r\u00f3wnie\u017c do <b>Swarz\u0119dza<\/b>. Skorzystaj z naszego produktu i ciesz si\u0119 przyjemnie sch\u0142odzonymi napojami i nie tylko.<\/p>\n<p><\/p>\t\t\t\t\t\t<\/div>\n\t\t\t\t<\/div>\n\t\t\t\t\t<\/div>\n\t\t<\/div>\n\t\t\t\t<div class=\"elementor-column elementor-col-50 elementor-top-column elementor-element elementor-element-2219ef1\" data-id=\"2219ef1\" data-element_type=\"column\" data-settings=\"{&quot;background_background&quot;:&quot;classic&quot;}\">\n\t\t\t<div class=\"elementor-widget-wrap elementor-element-populated\">\n\t\t\t\t\t\t<div class=\"elementor-element elementor-element-ba13b5d elementor-widget elementor-widget-image\" data-id=\"ba13b5d\" data-element_type=\"widget\" data-widget_type=\"image.default\">\n\t\t\t\t<div class=\"elementor-widget-container\">\n\t\t\t\t\t\t\t\t\t\t\t\t\t<img fetchpriority=\"high\" decoding=\"async\" width=\"800\" height=\"800\" src=\"https:\/\/nordsc.pl\/wp-content\/uploads\/2022\/05\/ice-cubes-on-the-table-1024x1024.jpg\" class=\"attachment-large size-large wp-image-3302\" alt=\"Kostki lodu\" srcset=\"https:\/\/nordsc.pl\/wp-content\/uploads\/2022\/05\/ice-cubes-on-the-table-1024x1024.jpg 1024w, https:\/\/nordsc.pl\/wp-content\/uploads\/2022\/05\/ice-cubes-on-the-table-300x300.jpg 300w, https:\/\/nordsc.pl\/wp-content\/uploads\/2022\/05\/ice-cubes-on-the-table-70x70.jpg 70w, https:\/\/nordsc.pl\/wp-content\/uploads\/2022\/05\/ice-cubes-on-the-table-768x768.jpg 768w\" sizes=\"(max-width: 800px) 100vw, 800px\" \/>\t\t\t\t\t\t\t\t\t\t\t\t\t<\/div>\n\t\t\t\t<\/div>\n\t\t\t\t\t<\/div>\n\t\t<\/div>\n\t\t\t\t\t<\/div>\n\t\t<\/section>\n\t\t\t\t<\/div>\n\t\t","protected":false},"excerpt":{"rendered":"<p>SWARZ\u0118DZ NORD S. C. Sprzeda\u017c lodu \u2013 oferta dla Swarz\u0119dza Chcesz zaopatrzy\u0107 swoj\u0105 gastronomi\u0119 w l\u00f3d w kostkach z krystalicznie czystej wody? Zach\u0119camy do skorzystania z naszej oferty. Od lat zajmujemy si\u0119 produkcj\u0105 dla restauracji, pub\u00f3w i dyskotek oraz na r\u00f3\u017cnego typu eventy \u2013 wsz\u0119dzie tam, gdzie potrzeba ch\u0142odz\u0105cej wody zamkni\u0119tej w postaci niepozornej kostki [&hellip;]<\/p>\n","protected":false},"author":1,"featured_media":0,"parent":0,"menu_order":0,"comment_status":"closed","ping_status":"closed","template":"","meta":{"footnotes":""},"class_list":["post-5039","page","type-page","status-publish","hentry"],"yoast_head":"<!-- This site is optimized with the Yoast SEO plugin v22.2 - https:\/\/yoast.com\/wordpress\/plugins\/seo\/ -->\n<title>Sprzeda\u017c lodu \u2013 Swarz\u0119dz \u2013 NORD s.c.<\/title>\n<meta name=\"description\" content=\"NORDSC - Tw\u00f3j zaufany dostawca kostek lodu. Dostarczamy produkty do wielu miejscowo\u015bci, w tym do Swarz\u0119dza. Zam\u00f3w nasz l\u00f3d ju\u017c dzi\u015b!\" \/>\n<meta name=\"robots\" content=\"index, follow, max-snippet:-1, max-image-preview:large, max-video-preview:-1\" \/>\n<link rel=\"canonical\" href=\"https:\/\/nordsc.pl\/index.php\/sprzedaz-lodu-swarzedz\/\" \/>\n<meta property=\"og:locale\" content=\"pl_PL\" \/>\n<meta property=\"og:type\" content=\"article\" \/>\n<meta property=\"og:title\" content=\"Sprzeda\u017c lodu \u2013 Swarz\u0119dz \u2013 NORD s.c.\" \/>\n<meta property=\"og:description\" content=\"NORDSC - Tw\u00f3j zaufany dostawca kostek lodu. Dostarczamy produkty do wielu miejscowo\u015bci, w tym do Swarz\u0119dza. Zam\u00f3w nasz l\u00f3d ju\u017c dzi\u015b!\" \/>\n<meta property=\"og:url\" content=\"https:\/\/nordsc.pl\/index.php\/sprzedaz-lodu-swarzedz\/\" \/>\n<meta property=\"og:site_name\" content=\"NORD Sp. c.\" \/>\n<meta property=\"article:modified_time\" content=\"2024-03-15T08:01:12+00:00\" \/>\n<meta property=\"og:image\" content=\"https:\/\/nordsc.pl\/wp-content\/uploads\/2022\/05\/ice-cubes-on-the-table-1024x1024.jpg\" \/>\n<meta name=\"twitter:card\" content=\"summary_large_image\" \/>\n<meta name=\"twitter:label1\" content=\"Szacowany czas czytania\" \/>\n\t<meta name=\"twitter:data1\" content=\"2 minuty\" \/>\n<script type=\"application\/ld+json\" class=\"yoast-schema-graph\">{\"@context\":\"https:\/\/schema.org\",\"@graph\":[{\"@type\":\"WebPage\",\"@id\":\"https:\/\/nordsc.pl\/index.php\/sprzedaz-lodu-swarzedz\/\",\"url\":\"https:\/\/nordsc.pl\/index.php\/sprzedaz-lodu-swarzedz\/\",\"name\":\"Sprzeda\u017c lodu \u2013 Swarz\u0119dz \u2013 NORD s.c.\",\"isPartOf\":{\"@id\":\"https:\/\/nordsc.pl\/#website\"},\"primaryImageOfPage\":{\"@id\":\"https:\/\/nordsc.pl\/index.php\/sprzedaz-lodu-swarzedz\/#primaryimage\"},\"image\":{\"@id\":\"https:\/\/nordsc.pl\/index.php\/sprzedaz-lodu-swarzedz\/#primaryimage\"},\"thumbnailUrl\":\"https:\/\/nordsc.pl\/wp-content\/uploads\/2022\/05\/ice-cubes-on-the-table-1024x1024.jpg\",\"datePublished\":\"2024-03-15T07:44:12+00:00\",\"dateModified\":\"2024-03-15T08:01:12+00:00\",\"description\":\"NORDSC - Tw\u00f3j zaufany dostawca kostek lodu. Dostarczamy produkty do wielu miejscowo\u015bci, w tym do Swarz\u0119dza. Zam\u00f3w nasz l\u00f3d ju\u017c dzi\u015b!\",\"breadcrumb\":{\"@id\":\"https:\/\/nordsc.pl\/index.php\/sprzedaz-lodu-swarzedz\/#breadcrumb\"},\"inLanguage\":\"pl-PL\",\"potentialAction\":[{\"@type\":\"ReadAction\",\"target\":[\"https:\/\/nordsc.pl\/index.php\/sprzedaz-lodu-swarzedz\/\"]}]},{\"@type\":\"ImageObject\",\"inLanguage\":\"pl-PL\",\"@id\":\"https:\/\/nordsc.pl\/index.php\/sprzedaz-lodu-swarzedz\/#primaryimage\",\"url\":\"https:\/\/nordsc.pl\/wp-content\/uploads\/2022\/05\/ice-cubes-on-the-table-scaled.jpg\",\"contentUrl\":\"https:\/\/nordsc.pl\/wp-content\/uploads\/2022\/05\/ice-cubes-on-the-table-scaled.jpg\",\"width\":2560,\"height\":1707,\"caption\":\"Cold. Frozen ice cubes on the table\"},{\"@type\":\"BreadcrumbList\",\"@id\":\"https:\/\/nordsc.pl\/index.php\/sprzedaz-lodu-swarzedz\/#breadcrumb\",\"itemListElement\":[{\"@type\":\"ListItem\",\"position\":1,\"name\":\"Home\",\"item\":\"https:\/\/nordsc.pl\/\"},{\"@type\":\"ListItem\",\"position\":2,\"name\":\"Swarz\u0119dz\"}]},{\"@type\":\"WebSite\",\"@id\":\"https:\/\/nordsc.pl\/#website\",\"url\":\"https:\/\/nordsc.pl\/\",\"name\":\"NORD Sp. c.\",\"description\":\"Produkcja i dystrybucja wysokiej jako\u015bci lodu w kostkach\",\"publisher\":{\"@id\":\"https:\/\/nordsc.pl\/#organization\"},\"potentialAction\":[{\"@type\":\"SearchAction\",\"target\":{\"@type\":\"EntryPoint\",\"urlTemplate\":\"https:\/\/nordsc.pl\/?s={search_term_string}\"},\"query-input\":\"required name=search_term_string\"}],\"inLanguage\":\"pl-PL\"},{\"@type\":\"Organization\",\"@id\":\"https:\/\/nordsc.pl\/#organization\",\"name\":\"NORD Sp. c.\",\"url\":\"https:\/\/nordsc.pl\/\",\"logo\":{\"@type\":\"ImageObject\",\"inLanguage\":\"pl-PL\",\"@id\":\"https:\/\/nordsc.pl\/#\/schema\/logo\/image\/\",\"url\":\"https:\/\/nordsc.pl\/wp-content\/uploads\/2022\/05\/logo-07-1-e1678314007523.png\",\"contentUrl\":\"https:\/\/nordsc.pl\/wp-content\/uploads\/2022\/05\/logo-07-1-e1678314007523.png\",\"width\":4500,\"height\":3702,\"caption\":\"NORD  Sp. c.\"},\"image\":{\"@id\":\"https:\/\/nordsc.pl\/#\/schema\/logo\/image\/\"}}]}<\/script>\n<!-- \/ Yoast SEO plugin. -->","yoast_head_json":{"title":"Sprzeda\u017c lodu \u2013 Swarz\u0119dz \u2013 NORD s.c.","description":"NORDSC - Tw\u00f3j zaufany dostawca kostek lodu. Dostarczamy produkty do wielu miejscowo\u015bci, w tym do Swarz\u0119dza. Zam\u00f3w nasz l\u00f3d ju\u017c dzi\u015b!","robots":{"index":"index","follow":"follow","max-snippet":"max-snippet:-1","max-image-preview":"max-image-preview:large","max-video-preview":"max-video-preview:-1"},"canonical":"https:\/\/nordsc.pl\/index.php\/sprzedaz-lodu-swarzedz\/","og_locale":"pl_PL","og_type":"article","og_title":"Sprzeda\u017c lodu \u2013 Swarz\u0119dz \u2013 NORD s.c.","og_description":"NORDSC - Tw\u00f3j zaufany dostawca kostek lodu. Dostarczamy produkty do wielu miejscowo\u015bci, w tym do Swarz\u0119dza. Zam\u00f3w nasz l\u00f3d ju\u017c dzi\u015b!","og_url":"https:\/\/nordsc.pl\/index.php\/sprzedaz-lodu-swarzedz\/","og_site_name":"NORD Sp. c.","article_modified_time":"2024-03-15T08:01:12+00:00","og_image":[{"url":"https:\/\/nordsc.pl\/wp-content\/uploads\/2022\/05\/ice-cubes-on-the-table-1024x1024.jpg"}],"twitter_card":"summary_large_image","twitter_misc":{"Szacowany czas czytania":"2 minuty"},"schema":{"@context":"https:\/\/schema.org","@graph":[{"@type":"WebPage","@id":"https:\/\/nordsc.pl\/index.php\/sprzedaz-lodu-swarzedz\/","url":"https:\/\/nordsc.pl\/index.php\/sprzedaz-lodu-swarzedz\/","name":"Sprzeda\u017c lodu \u2013 Swarz\u0119dz \u2013 NORD s.c.","isPartOf":{"@id":"https:\/\/nordsc.pl\/#website"},"primaryImageOfPage":{"@id":"https:\/\/nordsc.pl\/index.php\/sprzedaz-lodu-swarzedz\/#primaryimage"},"image":{"@id":"https:\/\/nordsc.pl\/index.php\/sprzedaz-lodu-swarzedz\/#primaryimage"},"thumbnailUrl":"https:\/\/nordsc.pl\/wp-content\/uploads\/2022\/05\/ice-cubes-on-the-table-1024x1024.jpg","datePublished":"2024-03-15T07:44:12+00:00","dateModified":"2024-03-15T08:01:12+00:00","description":"NORDSC - Tw\u00f3j zaufany dostawca kostek lodu. Dostarczamy produkty do wielu miejscowo\u015bci, w tym do Swarz\u0119dza. Zam\u00f3w nasz l\u00f3d ju\u017c dzi\u015b!","breadcrumb":{"@id":"https:\/\/nordsc.pl\/index.php\/sprzedaz-lodu-swarzedz\/#breadcrumb"},"inLanguage":"pl-PL","potentialAction":[{"@type":"ReadAction","target":["https:\/\/nordsc.pl\/index.php\/sprzedaz-lodu-swarzedz\/"]}]},{"@type":"ImageObject","inLanguage":"pl-PL","@id":"https:\/\/nordsc.pl\/index.php\/sprzedaz-lodu-swarzedz\/#primaryimage","url":"https:\/\/nordsc.pl\/wp-content\/uploads\/2022\/05\/ice-cubes-on-the-table-scaled.jpg","contentUrl":"https:\/\/nordsc.pl\/wp-content\/uploads\/2022\/05\/ice-cubes-on-the-table-scaled.jpg","width":2560,"height":1707,"caption":"Cold. Frozen ice cubes on the table"},{"@type":"BreadcrumbList","@id":"https:\/\/nordsc.pl\/index.php\/sprzedaz-lodu-swarzedz\/#breadcrumb","itemListElement":[{"@type":"ListItem","position":1,"name":"Home","item":"https:\/\/nordsc.pl\/"},{"@type":"ListItem","position":2,"name":"Swarz\u0119dz"}]},{"@type":"WebSite","@id":"https:\/\/nordsc.pl\/#website","url":"https:\/\/nordsc.pl\/","name":"NORD Sp. c.","description":"Produkcja i dystrybucja wysokiej jako\u015bci lodu w kostkach","publisher":{"@id":"https:\/\/nordsc.pl\/#organization"},"potentialAction":[{"@type":"SearchAction","target":{"@type":"EntryPoint","urlTemplate":"https:\/\/nordsc.pl\/?s={search_term_string}"},"query-input":"required name=search_term_string"}],"inLanguage":"pl-PL"},{"@type":"Organization","@id":"https:\/\/nordsc.pl\/#organization","name":"NORD Sp. c.","url":"https:\/\/nordsc.pl\/","logo":{"@type":"ImageObject","inLanguage":"pl-PL","@id":"https:\/\/nordsc.pl\/#\/schema\/logo\/image\/","url":"https:\/\/nordsc.pl\/wp-content\/uploads\/2022\/05\/logo-07-1-e1678314007523.png","contentUrl":"https:\/\/nordsc.pl\/wp-content\/uploads\/2022\/05\/logo-07-1-e1678314007523.png","width":4500,"height":3702,"caption":"NORD  Sp. c."},"image":{"@id":"https:\/\/nordsc.pl\/#\/schema\/logo\/image\/"}}]}},"_links":{"self":[{"href":"https:\/\/nordsc.pl\/index.php\/wp-json\/wp\/v2\/pages\/5039","targetHints":{"allow":["GET"]}}],"collection":[{"href":"https:\/\/nordsc.pl\/index.php\/wp-json\/wp\/v2\/pages"}],"about":[{"href":"https:\/\/nordsc.pl\/index.php\/wp-json\/wp\/v2\/types\/page"}],"author":[{"embeddable":true,"href":"https:\/\/nordsc.pl\/index.php\/wp-json\/wp\/v2\/users\/1"}],"replies":[{"embeddable":true,"href":"https:\/\/nordsc.pl\/index.php\/wp-json\/wp\/v2\/comments?post=5039"}],"version-history":[{"count":8,"href":"https:\/\/nordsc.pl\/index.php\/wp-json\/wp\/v2\/pages\/5039\/revisions"}],"predecessor-version":[{"id":5062,"href":"https:\/\/nordsc.pl\/index.php\/wp-json\/wp\/v2\/pages\/5039\/revisions\/5062"}],"wp:attachment":[{"href":"https:\/\/nordsc.pl\/index.php\/wp-json\/wp\/v2\/media?parent=5039"}],"curies":[{"name":"wp","href":"https:\/\/api.w.org\/{rel}","templated":true}]}}