{"id":5045,"date":"2024-03-15T08:49:33","date_gmt":"2024-03-15T07:49:33","guid":{"rendered":"https:\/\/nordsc.pl\/?page_id=5045"},"modified":"2024-03-15T09:01:05","modified_gmt":"2024-03-15T08:01:05","slug":"sprzedaz-lodu-suchy-las","status":"publish","type":"page","link":"https:\/\/nordsc.pl\/index.php\/sprzedaz-lodu-suchy-las\/","title":{"rendered":"Suchy Las"},"content":{"rendered":"\t\t<div data-elementor-type=\"wp-page\" data-elementor-id=\"5045\" class=\"elementor elementor-5045\">\n\t\t\t\t\t\t<section class=\"elementor-section elementor-top-section elementor-element elementor-element-4877fbe elementor-section-height-min-height elementor-section-boxed elementor-section-height-default elementor-section-items-middle\" data-id=\"4877fbe\" data-element_type=\"section\" data-settings=\"{&quot;background_background&quot;:&quot;video&quot;,&quot;shape_divider_bottom&quot;:&quot;mountains&quot;,&quot;background_video_start&quot;:46,&quot;background_video_end&quot;:96}\">\n\t\t\t\t\t\t\t<div class=\"elementor-background-overlay\"><\/div>\n\t\t\t\t\t\t<div class=\"elementor-shape elementor-shape-bottom\" data-negative=\"false\">\n\t\t\t<svg xmlns=\"http:\/\/www.w3.org\/2000\/svg\" viewBox=\"0 0 1000 100\" preserveAspectRatio=\"none\">\n\t<path class=\"elementor-shape-fill\" opacity=\"0.33\" d=\"M473,67.3c-203.9,88.3-263.1-34-320.3,0C66,119.1,0,59.7,0,59.7V0h1000v59.7 c0,0-62.1,26.1-94.9,29.3c-32.8,3.3-62.8-12.3-75.8-22.1C806,49.6,745.3,8.7,694.9,4.7S492.4,59,473,67.3z\"\/>\n\t<path class=\"elementor-shape-fill\" opacity=\"0.66\" d=\"M734,67.3c-45.5,0-77.2-23.2-129.1-39.1c-28.6-8.7-150.3-10.1-254,39.1 s-91.7-34.4-149.2,0C115.7,118.3,0,39.8,0,39.8V0h1000v36.5c0,0-28.2-18.5-92.1-18.5C810.2,18.1,775.7,67.3,734,67.3z\"\/>\n\t<path class=\"elementor-shape-fill\" d=\"M766.1,28.9c-200-57.5-266,65.5-395.1,19.5C242,1.8,242,5.4,184.8,20.6C128,35.8,132.3,44.9,89.9,52.5C28.6,63.7,0,0,0,0 h1000c0,0-9.9,40.9-83.6,48.1S829.6,47,766.1,28.9z\"\/>\n<\/svg>\t\t<\/div>\n\t\t\t\t\t<div class=\"elementor-container elementor-column-gap-no\">\n\t\t\t\t\t<div class=\"elementor-column elementor-col-100 elementor-top-column elementor-element elementor-element-42ef02d\" data-id=\"42ef02d\" data-element_type=\"column\">\n\t\t\t<div class=\"elementor-widget-wrap elementor-element-populated\">\n\t\t\t\t\t\t<div class=\"elementor-element elementor-element-e59756b elementor-widget elementor-widget-heading\" data-id=\"e59756b\" data-element_type=\"widget\" data-widget_type=\"heading.default\">\n\t\t\t\t<div class=\"elementor-widget-container\">\n\t\t\t<h2 class=\"elementor-heading-title elementor-size-default\">SUCHY LAS<\/h2>\t\t<\/div>\n\t\t\t\t<\/div>\n\t\t\t\t<div class=\"elementor-element elementor-element-227f824 elementor-widget elementor-widget-heading\" data-id=\"227f824\" data-element_type=\"widget\" data-widget_type=\"heading.default\">\n\t\t\t\t<div class=\"elementor-widget-container\">\n\t\t\t<h3 class=\"elementor-heading-title elementor-size-default\">NORD S. C.<\/h3>\t\t<\/div>\n\t\t\t\t<\/div>\n\t\t\t\t<div class=\"elementor-element elementor-element-e0f1f44 elementor-widget elementor-widget-spacer\" data-id=\"e0f1f44\" data-element_type=\"widget\" data-widget_type=\"spacer.default\">\n\t\t\t\t<div class=\"elementor-widget-container\">\n\t\t\t\t\t<div class=\"elementor-spacer\">\n\t\t\t<div class=\"elementor-spacer-inner\"><\/div>\n\t\t<\/div>\n\t\t\t\t<\/div>\n\t\t\t\t<\/div>\n\t\t\t\t<div class=\"elementor-element elementor-element-03727d8 elementor-widget elementor-widget-heading\" data-id=\"03727d8\" data-element_type=\"widget\" data-widget_type=\"heading.default\">\n\t\t\t\t<div class=\"elementor-widget-container\">\n\t\t\t<h1 class=\"elementor-heading-title elementor-size-default\">Dostawca lodu dla restaurator\u00f3w w Suchym Lesie<\/h1>\t\t<\/div>\n\t\t\t\t<\/div>\n\t\t\t\t<div class=\"elementor-element elementor-element-7d825d3 elementor-widget elementor-widget-text-editor\" data-id=\"7d825d3\" data-element_type=\"widget\" data-widget_type=\"text-editor.default\">\n\t\t\t\t<div class=\"elementor-widget-container\">\n\t\t\t\t\t\t\t<p style=\"text-align: center;\" align=\"center\">Organizujesz spore wydarzenie, a mo\u017ce jeste\u015b w\u0142a\u015bcicielem pubu, b\u0105d\u017a restauracji i szukasz lodu w kostkach? Dobrze trafi\u0142e\u015b. Dzi\u0119ki NORD otrzymasz krystalicznie czyste <b>kostki lodu<\/b>, kt\u00f3rych z powodzeniem u\u017cyjesz do ka\u017cdego rodzaju napoju, ch\u0142odzenia ryb czy innych potraw w sklepach i na eventach. Wybierz najlepszego <b>dostawc\u0119 lodu<\/b> \u2013 zach\u0119camy do skorzystania z oferty wszystkich restaurator\u00f3w, w\u0142a\u015bcicieli bar\u00f3w, dyskotek, sklep\u00f3w i nie tylko! To Ty decydujesz, do czego zu\u017cyjesz nasze wyj\u0105tkowe <b>kostki lodu<\/b>.<\/p>\t\t\t\t\t\t<\/div>\n\t\t\t\t<\/div>\n\t\t\t\t\t<\/div>\n\t\t<\/div>\n\t\t\t\t\t<\/div>\n\t\t<\/section>\n\t\t\t\t<section class=\"elementor-section elementor-top-section elementor-element elementor-element-d9eb16a elementor-section-content-middle elementor-section-boxed elementor-section-height-default elementor-section-height-default\" data-id=\"d9eb16a\" data-element_type=\"section\" data-settings=\"{&quot;background_background&quot;:&quot;classic&quot;,&quot;shape_divider_top&quot;:&quot;mountains&quot;}\">\n\t\t\t\t\t<div class=\"elementor-shape elementor-shape-top\" data-negative=\"false\">\n\t\t\t<svg xmlns=\"http:\/\/www.w3.org\/2000\/svg\" viewBox=\"0 0 1000 100\" preserveAspectRatio=\"none\">\n\t<path class=\"elementor-shape-fill\" opacity=\"0.33\" d=\"M473,67.3c-203.9,88.3-263.1-34-320.3,0C66,119.1,0,59.7,0,59.7V0h1000v59.7 c0,0-62.1,26.1-94.9,29.3c-32.8,3.3-62.8-12.3-75.8-22.1C806,49.6,745.3,8.7,694.9,4.7S492.4,59,473,67.3z\"\/>\n\t<path class=\"elementor-shape-fill\" opacity=\"0.66\" d=\"M734,67.3c-45.5,0-77.2-23.2-129.1-39.1c-28.6-8.7-150.3-10.1-254,39.1 s-91.7-34.4-149.2,0C115.7,118.3,0,39.8,0,39.8V0h1000v36.5c0,0-28.2-18.5-92.1-18.5C810.2,18.1,775.7,67.3,734,67.3z\"\/>\n\t<path class=\"elementor-shape-fill\" d=\"M766.1,28.9c-200-57.5-266,65.5-395.1,19.5C242,1.8,242,5.4,184.8,20.6C128,35.8,132.3,44.9,89.9,52.5C28.6,63.7,0,0,0,0 h1000c0,0-9.9,40.9-83.6,48.1S829.6,47,766.1,28.9z\"\/>\n<\/svg>\t\t<\/div>\n\t\t\t\t\t<div class=\"elementor-container elementor-column-gap-no\">\n\t\t\t\t\t<div class=\"elementor-column elementor-col-50 elementor-top-column elementor-element elementor-element-5fc7382\" data-id=\"5fc7382\" data-element_type=\"column\">\n\t\t\t<div class=\"elementor-widget-wrap elementor-element-populated\">\n\t\t\t\t\t\t<div class=\"elementor-element elementor-element-538ce3a elementor-widget__width-initial elementor-widget elementor-widget-heading\" data-id=\"538ce3a\" data-element_type=\"widget\" data-widget_type=\"heading.default\">\n\t\t\t\t<div class=\"elementor-widget-container\">\n\t\t\t<h2 class=\"elementor-heading-title elementor-size-xl\">Sprzeda\u017c kostek lodu dla przedsi\u0119biorc\u00f3w z Suchego Lasu\n<\/h2>\t\t<\/div>\n\t\t\t\t<\/div>\n\t\t\t\t<div class=\"elementor-element elementor-element-b724ad7 elementor-widget elementor-widget-spacer\" data-id=\"b724ad7\" data-element_type=\"widget\" data-widget_type=\"spacer.default\">\n\t\t\t\t<div class=\"elementor-widget-container\">\n\t\t\t\t\t<div class=\"elementor-spacer\">\n\t\t\t<div class=\"elementor-spacer-inner\"><\/div>\n\t\t<\/div>\n\t\t\t\t<\/div>\n\t\t\t\t<\/div>\n\t\t\t\t<div class=\"elementor-element elementor-element-9c39fef elementor-widget elementor-widget-text-editor\" data-id=\"9c39fef\" data-element_type=\"widget\" data-widget_type=\"text-editor.default\">\n\t\t\t\t<div class=\"elementor-widget-container\">\n\t\t\t\t\t\t\t<p style=\"text-align: center;\">Jako <b>producent lodu<\/b> stawiamy na nowoczesno\u015b\u0107 systemu produkcji i krystaliczno\u015b\u0107 finalnego produktu. U\u017cywamy kilkukrotnie przefiltrowanej wody, aby ka\u017cda kostka by\u0142a w 100% pozbawiona wszelkiego rodzaju zanieczyszcze\u0144. Gwarantujemy konkurencyjn\u0105 ofert\u0119 <b>sprzeda\u017cy lodu<\/b> dla <b>Suchego Lasu<\/b> i okolic. W pubie czy klubie i na \u017cadnym evencie nie mo\u017ce zabrakn\u0105\u0107 najlepszego produktu do ch\u0142odzenia napoj\u00f3w, czyli naszych <b>kostek lodu<\/b>. Skontaktuj si\u0119 z nami ju\u017c teraz. Potrzebujesz tylko kilku kilogram\u00f3w lodu? Nie ma problemu. Zawsze wychodzimy naprzeciw oczekiwaniom klient\u00f3w. Ch\u0142odzimy atmosfer\u0119\u2026 <b>lodem w kostkach<\/b>. Zapraszamy do wsp\u00f3\u0142pracy!<\/p>\n<p><\/p>\t\t\t\t\t\t<\/div>\n\t\t\t\t<\/div>\n\t\t\t\t\t<\/div>\n\t\t<\/div>\n\t\t\t\t<div class=\"elementor-column elementor-col-50 elementor-top-column elementor-element elementor-element-578f00f\" data-id=\"578f00f\" data-element_type=\"column\" data-settings=\"{&quot;background_background&quot;:&quot;classic&quot;}\">\n\t\t\t<div class=\"elementor-widget-wrap elementor-element-populated\">\n\t\t\t\t\t\t<div class=\"elementor-element elementor-element-b35acef elementor-widget elementor-widget-image\" data-id=\"b35acef\" data-element_type=\"widget\" data-widget_type=\"image.default\">\n\t\t\t\t<div class=\"elementor-widget-container\">\n\t\t\t\t\t\t\t\t\t\t\t\t\t<img fetchpriority=\"high\" decoding=\"async\" width=\"800\" height=\"800\" src=\"https:\/\/nordsc.pl\/wp-content\/uploads\/2022\/05\/ice-cubes-on-the-table-1024x1024.jpg\" class=\"attachment-large size-large wp-image-3302\" alt=\"Kostki lodu\" srcset=\"https:\/\/nordsc.pl\/wp-content\/uploads\/2022\/05\/ice-cubes-on-the-table-1024x1024.jpg 1024w, https:\/\/nordsc.pl\/wp-content\/uploads\/2022\/05\/ice-cubes-on-the-table-300x300.jpg 300w, https:\/\/nordsc.pl\/wp-content\/uploads\/2022\/05\/ice-cubes-on-the-table-70x70.jpg 70w, https:\/\/nordsc.pl\/wp-content\/uploads\/2022\/05\/ice-cubes-on-the-table-768x768.jpg 768w\" sizes=\"(max-width: 800px) 100vw, 800px\" \/>\t\t\t\t\t\t\t\t\t\t\t\t\t<\/div>\n\t\t\t\t<\/div>\n\t\t\t\t\t<\/div>\n\t\t<\/div>\n\t\t\t\t\t<\/div>\n\t\t<\/section>\n\t\t\t\t<\/div>\n\t\t","protected":false},"excerpt":{"rendered":"<p>SUCHY LAS NORD S. C. Dostawca lodu dla restaurator\u00f3w w Suchym Lesie Organizujesz spore wydarzenie, a mo\u017ce jeste\u015b w\u0142a\u015bcicielem pubu, b\u0105d\u017a restauracji i szukasz lodu w kostkach? Dobrze trafi\u0142e\u015b. Dzi\u0119ki NORD otrzymasz krystalicznie czyste kostki lodu, kt\u00f3rych z powodzeniem u\u017cyjesz do ka\u017cdego rodzaju napoju, ch\u0142odzenia ryb czy innych potraw w sklepach i na eventach. Wybierz [&hellip;]<\/p>\n","protected":false},"author":1,"featured_media":0,"parent":0,"menu_order":0,"comment_status":"closed","ping_status":"closed","template":"","meta":{"footnotes":""},"class_list":["post-5045","page","type-page","status-publish","hentry"],"yoast_head":"<!-- This site is optimized with the Yoast SEO plugin v22.2 - https:\/\/yoast.com\/wordpress\/plugins\/seo\/ -->\n<title>Sprzeda\u017c lodu \u2013 Suchy Las \u2013 NORD s.c<\/title>\n<meta name=\"description\" content=\"Najlepszy l\u00f3d w kostkach prosto od producenta. NORDSC zapewnia wysok\u0105 jako\u015b\u0107 i bezpieczny transport do Suchego Lasu i nie tylko. Zapraszamy!\" \/>\n<meta name=\"robots\" content=\"index, follow, max-snippet:-1, max-image-preview:large, max-video-preview:-1\" \/>\n<link rel=\"canonical\" href=\"https:\/\/nordsc.pl\/index.php\/sprzedaz-lodu-suchy-las\/\" \/>\n<meta property=\"og:locale\" content=\"pl_PL\" \/>\n<meta property=\"og:type\" content=\"article\" \/>\n<meta property=\"og:title\" content=\"Sprzeda\u017c lodu \u2013 Suchy Las \u2013 NORD s.c\" \/>\n<meta property=\"og:description\" content=\"Najlepszy l\u00f3d w kostkach prosto od producenta. NORDSC zapewnia wysok\u0105 jako\u015b\u0107 i bezpieczny transport do Suchego Lasu i nie tylko. Zapraszamy!\" \/>\n<meta property=\"og:url\" content=\"https:\/\/nordsc.pl\/index.php\/sprzedaz-lodu-suchy-las\/\" \/>\n<meta property=\"og:site_name\" content=\"NORD Sp. c.\" \/>\n<meta property=\"article:modified_time\" content=\"2024-03-15T08:01:05+00:00\" \/>\n<meta property=\"og:image\" content=\"https:\/\/nordsc.pl\/wp-content\/uploads\/2022\/05\/ice-cubes-on-the-table-1024x1024.jpg\" \/>\n<meta name=\"twitter:card\" content=\"summary_large_image\" \/>\n<meta name=\"twitter:label1\" content=\"Szacowany czas czytania\" \/>\n\t<meta name=\"twitter:data1\" content=\"2 minuty\" \/>\n<script type=\"application\/ld+json\" class=\"yoast-schema-graph\">{\"@context\":\"https:\/\/schema.org\",\"@graph\":[{\"@type\":\"WebPage\",\"@id\":\"https:\/\/nordsc.pl\/index.php\/sprzedaz-lodu-suchy-las\/\",\"url\":\"https:\/\/nordsc.pl\/index.php\/sprzedaz-lodu-suchy-las\/\",\"name\":\"Sprzeda\u017c lodu \u2013 Suchy Las \u2013 NORD s.c\",\"isPartOf\":{\"@id\":\"https:\/\/nordsc.pl\/#website\"},\"primaryImageOfPage\":{\"@id\":\"https:\/\/nordsc.pl\/index.php\/sprzedaz-lodu-suchy-las\/#primaryimage\"},\"image\":{\"@id\":\"https:\/\/nordsc.pl\/index.php\/sprzedaz-lodu-suchy-las\/#primaryimage\"},\"thumbnailUrl\":\"https:\/\/nordsc.pl\/wp-content\/uploads\/2022\/05\/ice-cubes-on-the-table-1024x1024.jpg\",\"datePublished\":\"2024-03-15T07:49:33+00:00\",\"dateModified\":\"2024-03-15T08:01:05+00:00\",\"description\":\"Najlepszy l\u00f3d w kostkach prosto od producenta. NORDSC zapewnia wysok\u0105 jako\u015b\u0107 i bezpieczny transport do Suchego Lasu i nie tylko. Zapraszamy!\",\"breadcrumb\":{\"@id\":\"https:\/\/nordsc.pl\/index.php\/sprzedaz-lodu-suchy-las\/#breadcrumb\"},\"inLanguage\":\"pl-PL\",\"potentialAction\":[{\"@type\":\"ReadAction\",\"target\":[\"https:\/\/nordsc.pl\/index.php\/sprzedaz-lodu-suchy-las\/\"]}]},{\"@type\":\"ImageObject\",\"inLanguage\":\"pl-PL\",\"@id\":\"https:\/\/nordsc.pl\/index.php\/sprzedaz-lodu-suchy-las\/#primaryimage\",\"url\":\"https:\/\/nordsc.pl\/wp-content\/uploads\/2022\/05\/ice-cubes-on-the-table-scaled.jpg\",\"contentUrl\":\"https:\/\/nordsc.pl\/wp-content\/uploads\/2022\/05\/ice-cubes-on-the-table-scaled.jpg\",\"width\":2560,\"height\":1707,\"caption\":\"Cold. Frozen ice cubes on the table\"},{\"@type\":\"BreadcrumbList\",\"@id\":\"https:\/\/nordsc.pl\/index.php\/sprzedaz-lodu-suchy-las\/#breadcrumb\",\"itemListElement\":[{\"@type\":\"ListItem\",\"position\":1,\"name\":\"Home\",\"item\":\"https:\/\/nordsc.pl\/\"},{\"@type\":\"ListItem\",\"position\":2,\"name\":\"Suchy Las\"}]},{\"@type\":\"WebSite\",\"@id\":\"https:\/\/nordsc.pl\/#website\",\"url\":\"https:\/\/nordsc.pl\/\",\"name\":\"NORD Sp. c.\",\"description\":\"Produkcja i dystrybucja wysokiej jako\u015bci lodu w kostkach\",\"publisher\":{\"@id\":\"https:\/\/nordsc.pl\/#organization\"},\"potentialAction\":[{\"@type\":\"SearchAction\",\"target\":{\"@type\":\"EntryPoint\",\"urlTemplate\":\"https:\/\/nordsc.pl\/?s={search_term_string}\"},\"query-input\":\"required name=search_term_string\"}],\"inLanguage\":\"pl-PL\"},{\"@type\":\"Organization\",\"@id\":\"https:\/\/nordsc.pl\/#organization\",\"name\":\"NORD Sp. c.\",\"url\":\"https:\/\/nordsc.pl\/\",\"logo\":{\"@type\":\"ImageObject\",\"inLanguage\":\"pl-PL\",\"@id\":\"https:\/\/nordsc.pl\/#\/schema\/logo\/image\/\",\"url\":\"https:\/\/nordsc.pl\/wp-content\/uploads\/2022\/05\/logo-07-1-e1678314007523.png\",\"contentUrl\":\"https:\/\/nordsc.pl\/wp-content\/uploads\/2022\/05\/logo-07-1-e1678314007523.png\",\"width\":4500,\"height\":3702,\"caption\":\"NORD  Sp. c.\"},\"image\":{\"@id\":\"https:\/\/nordsc.pl\/#\/schema\/logo\/image\/\"}}]}<\/script>\n<!-- \/ Yoast SEO plugin. -->","yoast_head_json":{"title":"Sprzeda\u017c lodu \u2013 Suchy Las \u2013 NORD s.c","description":"Najlepszy l\u00f3d w kostkach prosto od producenta. NORDSC zapewnia wysok\u0105 jako\u015b\u0107 i bezpieczny transport do Suchego Lasu i nie tylko. Zapraszamy!","robots":{"index":"index","follow":"follow","max-snippet":"max-snippet:-1","max-image-preview":"max-image-preview:large","max-video-preview":"max-video-preview:-1"},"canonical":"https:\/\/nordsc.pl\/index.php\/sprzedaz-lodu-suchy-las\/","og_locale":"pl_PL","og_type":"article","og_title":"Sprzeda\u017c lodu \u2013 Suchy Las \u2013 NORD s.c","og_description":"Najlepszy l\u00f3d w kostkach prosto od producenta. NORDSC zapewnia wysok\u0105 jako\u015b\u0107 i bezpieczny transport do Suchego Lasu i nie tylko. Zapraszamy!","og_url":"https:\/\/nordsc.pl\/index.php\/sprzedaz-lodu-suchy-las\/","og_site_name":"NORD Sp. c.","article_modified_time":"2024-03-15T08:01:05+00:00","og_image":[{"url":"https:\/\/nordsc.pl\/wp-content\/uploads\/2022\/05\/ice-cubes-on-the-table-1024x1024.jpg"}],"twitter_card":"summary_large_image","twitter_misc":{"Szacowany czas czytania":"2 minuty"},"schema":{"@context":"https:\/\/schema.org","@graph":[{"@type":"WebPage","@id":"https:\/\/nordsc.pl\/index.php\/sprzedaz-lodu-suchy-las\/","url":"https:\/\/nordsc.pl\/index.php\/sprzedaz-lodu-suchy-las\/","name":"Sprzeda\u017c lodu \u2013 Suchy Las \u2013 NORD s.c","isPartOf":{"@id":"https:\/\/nordsc.pl\/#website"},"primaryImageOfPage":{"@id":"https:\/\/nordsc.pl\/index.php\/sprzedaz-lodu-suchy-las\/#primaryimage"},"image":{"@id":"https:\/\/nordsc.pl\/index.php\/sprzedaz-lodu-suchy-las\/#primaryimage"},"thumbnailUrl":"https:\/\/nordsc.pl\/wp-content\/uploads\/2022\/05\/ice-cubes-on-the-table-1024x1024.jpg","datePublished":"2024-03-15T07:49:33+00:00","dateModified":"2024-03-15T08:01:05+00:00","description":"Najlepszy l\u00f3d w kostkach prosto od producenta. NORDSC zapewnia wysok\u0105 jako\u015b\u0107 i bezpieczny transport do Suchego Lasu i nie tylko. Zapraszamy!","breadcrumb":{"@id":"https:\/\/nordsc.pl\/index.php\/sprzedaz-lodu-suchy-las\/#breadcrumb"},"inLanguage":"pl-PL","potentialAction":[{"@type":"ReadAction","target":["https:\/\/nordsc.pl\/index.php\/sprzedaz-lodu-suchy-las\/"]}]},{"@type":"ImageObject","inLanguage":"pl-PL","@id":"https:\/\/nordsc.pl\/index.php\/sprzedaz-lodu-suchy-las\/#primaryimage","url":"https:\/\/nordsc.pl\/wp-content\/uploads\/2022\/05\/ice-cubes-on-the-table-scaled.jpg","contentUrl":"https:\/\/nordsc.pl\/wp-content\/uploads\/2022\/05\/ice-cubes-on-the-table-scaled.jpg","width":2560,"height":1707,"caption":"Cold. Frozen ice cubes on the table"},{"@type":"BreadcrumbList","@id":"https:\/\/nordsc.pl\/index.php\/sprzedaz-lodu-suchy-las\/#breadcrumb","itemListElement":[{"@type":"ListItem","position":1,"name":"Home","item":"https:\/\/nordsc.pl\/"},{"@type":"ListItem","position":2,"name":"Suchy Las"}]},{"@type":"WebSite","@id":"https:\/\/nordsc.pl\/#website","url":"https:\/\/nordsc.pl\/","name":"NORD Sp. c.","description":"Produkcja i dystrybucja wysokiej jako\u015bci lodu w kostkach","publisher":{"@id":"https:\/\/nordsc.pl\/#organization"},"potentialAction":[{"@type":"SearchAction","target":{"@type":"EntryPoint","urlTemplate":"https:\/\/nordsc.pl\/?s={search_term_string}"},"query-input":"required name=search_term_string"}],"inLanguage":"pl-PL"},{"@type":"Organization","@id":"https:\/\/nordsc.pl\/#organization","name":"NORD Sp. c.","url":"https:\/\/nordsc.pl\/","logo":{"@type":"ImageObject","inLanguage":"pl-PL","@id":"https:\/\/nordsc.pl\/#\/schema\/logo\/image\/","url":"https:\/\/nordsc.pl\/wp-content\/uploads\/2022\/05\/logo-07-1-e1678314007523.png","contentUrl":"https:\/\/nordsc.pl\/wp-content\/uploads\/2022\/05\/logo-07-1-e1678314007523.png","width":4500,"height":3702,"caption":"NORD  Sp. c."},"image":{"@id":"https:\/\/nordsc.pl\/#\/schema\/logo\/image\/"}}]}},"_links":{"self":[{"href":"https:\/\/nordsc.pl\/index.php\/wp-json\/wp\/v2\/pages\/5045","targetHints":{"allow":["GET"]}}],"collection":[{"href":"https:\/\/nordsc.pl\/index.php\/wp-json\/wp\/v2\/pages"}],"about":[{"href":"https:\/\/nordsc.pl\/index.php\/wp-json\/wp\/v2\/types\/page"}],"author":[{"embeddable":true,"href":"https:\/\/nordsc.pl\/index.php\/wp-json\/wp\/v2\/users\/1"}],"replies":[{"embeddable":true,"href":"https:\/\/nordsc.pl\/index.php\/wp-json\/wp\/v2\/comments?post=5045"}],"version-history":[{"count":7,"href":"https:\/\/nordsc.pl\/index.php\/wp-json\/wp\/v2\/pages\/5045\/revisions"}],"predecessor-version":[{"id":5059,"href":"https:\/\/nordsc.pl\/index.php\/wp-json\/wp\/v2\/pages\/5045\/revisions\/5059"}],"wp:attachment":[{"href":"https:\/\/nordsc.pl\/index.php\/wp-json\/wp\/v2\/media?parent=5045"}],"curies":[{"name":"wp","href":"https:\/\/api.w.org\/{rel}","templated":true}]}}